601. List the prime factors of g.
3, 797
Let v(k) = 2*k**3 - 27*k**2 + 8*k - 23. What are the prime factors of v(14)?
3, 5, 19
Let t = -359 - -533. List the prime factors of t.
2, 3, 29
Let a(x) = -142*x + 159. What are the prime factors of a(-5)?
11, 79
Let a = -1222 + 1977. Suppose 220 + a = 5*m. Suppose -2*p + 2 + 0 = 0, 5*p + m = 5*i. List the prime factors of i.
2, 5
Suppose -13 = v + 3*o, -4*o - 17 + 1 = 2*v. List the prime factors of 156 + (-7)/(7/v).
2, 7, 11
Suppose 3*i = -3*y + 125 + 646, -260 = -i - 4*y. What are the prime factors of i?
2
Suppose 3*p - 14 = p. Let g = p - -33. Suppose 3*m = -12, -5*q - 5*m + g = -4*q. List the prime factors of q.
2, 3, 5
Let d = 338 - 203. Suppose 3*s - 12 = d. List the prime factors of s.
7
Let y(m) = -m**3 - 6*m**2 - 13*m - 8. What are the prime factors of y(-10)?
2, 3, 29
What are the prime factors of (-316)/14*2576/(-16)?
2, 23, 79
Let g(o) = o**2 + 8*o - 7. Let p be g(-9). Suppose -5*c + 4 + p = -v, 5*v = -2*c + 24. Suppose c*z - 10 = -3*z. List the prime factors of z.
2
Let r = -4 + 14. Suppose 0*v - r = -v. List the prime factors of v.
2, 5
Let p(y) = 6 - 26*y - 7 - 14 - 50*y. What are the prime factors of p(-3)?
3, 71
Suppose -2*h - q + 160 = 0, 3*q = -0*h + 4*h - 300. Suppose -g + h = -3*g. Let c = g - -71. List the prime factors of c.
2
Let c(q) = 131*q**2 + 4*q + 10. List the prime factors of c(-2).
2, 263
Let l(i) = -i + 11. Let t be l(11). Suppose t*o - 5*o = -20. List the prime factors of (4 - 14/o)*12.
2, 3
Let g(r) = r**2 + r**2 - 3*r - 2 + 2*r - 4*r. List the prime factors of g(-6).
2, 5
Suppose -2*l + 7*l = 40. What are the prime factors of l/16 + (-151)/(-2)?
2, 19
Let h = 346 + -109. What are the prime factors of h?
3, 79
Suppose 4*f - 263 - 25 = 0. Suppose -2*l + f = 2*y, -4*l + 4*y + 117 = -y. Suppose 2*b - l = -1. List the prime factors of b.
2
Let r(x) = 7*x + 2. Let q be r(4). Suppose -b + 169 + 35 = 4*a, 0 = -a + 5*b + q. Suppose 0 = 5*l + 5*j - 70, -3*l + 4*j = 1 - a. List the prime factors of l.
3, 5
Let n = 1427 - -1062. What are the prime factors of n?
19, 131
Let o be -2 + (-4 - -4 - -7). Let d = o - -1. What are the prime factors of d/(-4)*(-6 + 4)?
3
Suppose -5*n + 4*f - f = -12360, -4*f = -20. What are the prime factors of n?
3, 5, 11
Suppose q - 310 = -3*w + 8, -5*w = -2*q - 541. List the prime factors of w.
107
Let h be (0 + 0)*7/(-14). Suppose -5*u - y + 15 = h, 3*u + 19 = 6*y - y. Suppose c + 10 = -4*c, -u*q + 54 = -3*c. What are the prime factors of q?
2, 3
Let l(d) = 9*d**3 + 3*d**2 - 58*d + 7. What are the prime factors of l(6)?
29, 59
Suppose -1308 = 4*l - 3*q - 4629, -2*q = 4*l - 3326. What are the prime factors of l?
3, 277
Suppose 7*l = -657 + 55. Let k = l - -316. List the prime factors of k.
2, 5, 23
Suppose t = -3*q + 2199, t = 4*q - 429 + 2621. List the prime factors of t.
2, 3, 61
Let p(n) = -n**2 + 14*n - 13. Let k be p(13). Suppose 0 = i - k*i + 18. Let c = i - -24. List the prime factors of c.
2, 3
Suppose 2*g + 15 = 5*p, -2*p = g - 3*p. Suppose 2*z - 53 = g*v, -4*z + 156 + 25 = 5*v. Suppose 9*x = 6*x + z. What are the prime factors of x?
13
Let a = 3496 - -1121. List the prime factors of a.
3, 19
Let g be (699/(-6))/((-3)/6). Suppose 3*m - 2*o = o + 318, -2*m - 5*o + g = 0. What are the prime factors of m?
109
Let f = -2895 - -4557. List the prime factors of f.
2, 3, 277
Let m(s) be the second derivative of -9*s**5/20 + s**4/6 - s**3/3 - s**2 - 13*s. List the prime factors of m(-2).
2, 41
Suppose 0 = 5*r - 2*q - 31, -4*q - 3 = 9. Suppose -2*a - 33 = -r*b, 3 = 3*b + 3*a - 0*a. Suppose 8 = -b*j - 7, -108 = -4*x + 4*j. List the prime factors of x.
2, 3
What are the prime factors of (-197)/(((-51)/18)/17)?
2, 3, 197
Let m(a) = 11*a**2 - 5*a - 35. What are the prime factors of m(-7)?
7, 11
Let h(p) = 5*p**2 + 12*p + 18. Let j(m) = m**2 + 2*m + 3. Let w(i) = -6*h(i) + 34*j(i). List the prime factors of w(6).
2, 3, 19
What are the prime factors of (282/(-4))/((-273)/182)?
47
Let j(q) = 24*q**3 - 3*q**2 - 2*q - 3. Let m be j(-2). Let h = 289 + m. List the prime factors of h.
2, 43
Suppose -2*o - 1099 = -4*m - m, -2*m - 4*o + 454 = 0. Suppose 630 = 3*w - 2*d, w = 3*d - 6*d + m. What are the prime factors of w?
2, 53
Suppose 1345*x = 1335*x + 42790. What are the prime factors of x?
11, 389
Suppose 0 = -13*t + 6*t - 350. Let f = t - -79. List the prime factors of f.
29
What are the prime factors of -194*((-3)/(-18) + 4/(-6))?
97
Suppose 8*h = 4*h + 16. Suppose h*f + 4*x - 244 = 0, 3*f - 2*x = -2*f + 319. What are the prime factors of f?
3, 7
Suppose 2 = -d - 6. Let m = d - -20. Suppose 0 = -4*h + m, 5*a = h - 0*h + 117. What are the prime factors of a?
2, 3
Suppose 2*k - 15 = -5. Let i be (3 + 1)*k/2. Let f = 42 + i. What are the prime factors of f?
2, 13
Suppose -6*o - 108 - 48 = 0. Let i = -22 - o. Suppose i - 15 = -n + 3*b, -6 = 2*b. What are the prime factors of n?
2
Let c be 4/(-6) - (-24)/9. Let w = -42 + 97. Suppose w = c*l - 27. List the prime factors of l.
41
Let z(w) = -4*w**3 - 57*w**2 - 37*w - 1. Let s(i) = -i**3 - 14*i**2 - 9*i. Let b(h) = -9*s(h) + 2*z(h). What are the prime factors of b(-6)?
2, 43
Let o = -41 - -72. Suppose o*w - 29*w = 428. List the prime factors of w.
2, 107
Let j = 9 + -10. Let v = 3 + j. Suppose -4*i + v*y - 175 = -9*i, i - 2*y = 35. What are the prime factors of i?
5, 7
Let z = -1 + 1. Suppose -3*o + 25 + 17 = 0. Suppose o = k - z*k. List the prime factors of k.
2, 7
Suppose -3*x - 3*g = 9, 3*x + 2*g + 2*g = -7. List the prime factors of x/2*36/(-30) + 0.
3
What are the prime factors of (12495/(-45))/(1/(-3))?
7, 17
Let u = -5 + 4. Let d = u + 53. Suppose -5*z + 23 - 8 = 0, 2*z - d = -2*c. What are the prime factors of c?
23
Let p = 477 + 501. List the prime factors of p.
2, 3, 163
Suppose -7*b - 9 = -10*b. List the prime factors of (-228)/b*(-6)/12.
2, 19
Let k be (-3429)/(-6)*(-14)/(-21). Suppose 11*d - 14*d = -k. List the prime factors of d.
127
Suppose -332 = 15*p - 7742. What are the prime factors of p?
2, 13, 19
Suppose -4*n + j + 5652 - 810 = 0, -8*n = 3*j - 9674. List the prime factors of n.
2, 5, 11
Let k(w) = -9*w + 4. Suppose -9 = -5*n + v, -3*v = 3*n - 2*v - 7. Suppose 3*j + 10 = -n*j. List the prime factors of k(j).
2, 11
List the prime factors of 3/(-1 + (-1104)/(-1086)).
181
Suppose -l + 5*l = 24. Let c be 2 + 2 + (-3 - 0). Let y = l - c. What are the prime factors of y?
5
Let m be 4 + -22 - (1 - 5). What are the prime factors of ((-432)/m)/((-9)/(-42))?
2, 3
Suppose -4*t = -2*r - 58, -3*r = -3*t + 2*r + 33. Suppose 0 = f + 2, o + t = 3*o - f. List the prime factors of o.
7
Let b = 71 + -83. Let s(c) = -c**2 - 36*c - 27. List the prime factors of s(b).
3, 29
Suppose -2*r + 7*r - 540 = 0. Suppose -4*t + r = -0*t. What are the prime factors of t?
3
Let n be (10/4)/(12/48). Suppose 1020 = -n*s + 14*s. What are the prime factors of s?
3, 5, 17
Let i = -3360 + 5981. What are the prime factors of i?
2621
Let f = -125 + 75. Let h = f + 80. List the prime factors of h.
2, 3, 5
Let p(v) = 2*v**2 - 5*v + 4. Let t be p(4). Suppose 14*h = t*h - 158. What are the prime factors of h?
79
Let x(q) = 3 - 14 - 21 - 11*q + 2. List the prime factors of x(-4).
2, 7
Let a be (-11 + (-4)/4)/(4/48). List the prime factors of (754/(-8) + -1)*a/54.
2, 127
Let r = -29 - -29. Suppose r*c + c = 89. Suppose -5*w - c = -2*y + 6, 3*w = 4*y - 169. What are the prime factors of y?
2, 5
Suppose 2*o + 3*o + 2*g = 296, 0 = 3*o + 3*g - 183. Let w be 6/30 - o/(-10). What are the prime factors of w/(-9) + 258/9?
2, 7
Suppose 2*q + 4*z - 746 = 0, 4*q - 491 = 4*z + 1037. Suppose -3*c - 47 = -5*l + q, 10 = -5*c. List the prime factors of l.
2, 3, 7
Let f = -126 - -59. Suppose -2*w - 8*w - 280 = 0. Let j = w - f. List the prime factors of j.
3, 13
Let i(w) = -4*w**2 - 9*w + 22. Let s(l) = 8*l**2 + 17*l - 43. Let n(b) = -7*i(b) - 3*s(b). List the prime factors of n(7).
3, 5, 17
Suppose 7*j - 3630 - 7444 = 0. List the prime factors of j.
2, 7, 113
Let t be (-1 + -3)*(4 - (-1 - -4)). What are the prime factors of 160 - (t + 12/2)?
2, 79
Suppose -5*o - 2*z + 39 = -3*z, 5*z = -3*o + 29. Suppose -o*c = 2*c - 400. What are the prime factors of c?
2, 5
Let b = 2182 - 23. List the prime factors of b.
17, 127
Suppose -16*n + 18*n + 18 = 0. Let u(g) = -13